q = -6 + i. Suppose q*g - 60 = -g. List the prime factors of g.
2, 3
Suppose 6*x - 78 = 18. Suppose s = -s + x. What are the prime factors of s?
2
Suppose 4*o - 8*o - 120 = 0. Let q = -3 - o. List the prime factors of q.
3
Suppose -s - 2 = -9. List the prime factors of s.
7
Suppose 0 = 2*j + 5*m - 450, 2*m = 4*j + 3*m - 918. Suppose 0 = -5*q + 3*l + j, -230 = -5*q - l - l. What are the prime factors of q?
2, 23
Let h(p) = 2*p - 3. Let v be h(4). Suppose -6*b + 15 = -b. Suppose b*t + v = 4*t. What are the prime factors of t?
5
Let b = 17 - 10. Suppose -3*q = b + 11. Let v = q - -11. What are the prime factors of v?
5
Suppose -6*q + 13 = -4*q - f, -1 = q + f. List the prime factors of q.
2
Let n(f) = f**2 - 5*f + 7. Let g be 1*1/(-3)*-15. What are the prime factors of n(g)?
7
Let u = 3 - 3. Let p be 0 + 5 + (-1 - u). Suppose 5*v = p*v + 12. What are the prime factors of v?
2, 3
Suppose 0 = 5*j - 2*x - 10, 4*x = 4*j - 7 - 13. Let m be 6/(8/4)*1. Let f = j + m. List the prime factors of f.
3
Let c(i) = i**3 - 6*i**2 - 1. Let o be c(6). Let j be o + 0 + 0 + 3. Suppose p = j*p - 6. What are the prime factors of p?
2, 3
Let r = 26 + 3. List the prime factors of r.
29
Suppose 4*b = 5*c - 2, 0 = -0*b + 3*b + c - 8. Suppose b*a - 2 = 4. What are the prime factors of a?
3
Let l = 42 - 30. Let r be l - (2 - 2) - 0. Suppose 4*a - r = 0, 0*q - 2*q + 4*a = 6. What are the prime factors of q?
3
What are the prime factors of 0 - -1 - 612/(-12)?
2, 13
Suppose -5*m = -3*m. Suppose m = -4*v + 5*o + 180, v + 8*o = 5*o + 28. What are the prime factors of v?
2, 5
Suppose 5*o - 133 = -0*p + 2*p, 4*o - 105 = 3*p. Suppose -4*s - 23 = 2*q + q, 0 = -5*s - 2*q - o. Let h = s - -12. List the prime factors of h.
7
Suppose 0*o = 4*o - 84. Let w = o + -3. What are the prime factors of w?
2, 3
Let q = -4 - -6. Suppose 1 = q*u - 5*k, -u - u + 22 = 2*k. List the prime factors of u.
2
Suppose 3*k = -11 + 26. Suppose 0 = -x - 2*l - 2, -k*x + 7 = 5*l + 2. What are the prime factors of x?
2
Suppose -488 + 124 = -4*z. List the prime factors of z.
7, 13
Suppose -r + 2*k + 9 = 0, -2*r - 5*k + 38 = r. Let j = r - 8. Suppose 0*m = j*v - 4*m - 52, -4*v = -m - 52. What are the prime factors of v?
2, 3
Let x(i) be the second derivative of i**3/6 + 5*i**2/2 - i. Let u be x(-5). Suppose 4*a + 0*a - 36 = u. What are the prime factors of a?
3
Let b be (-4)/(-18) - (-50)/18. Suppose 2*l - 12 + b = -3*z, -4*z = 4*l - 24. What are the prime factors of 8/(-36) + 47/l?
5
Suppose 5*b + 3*i = 21 - 7, 5*i + 26 = 4*b. Suppose 3*f - 14 + 5 = 0. Suppose 2*w - 9 = 2*o - 33, b = 2*o + f*w. What are the prime factors of o?
2
Suppose 3*b + 32 = b. Let z be 4/(b/6)*-32. Suppose -3*j + 5*j - 57 = -5*h, -4*h + z = 4*j. What are the prime factors of h?
11
Suppose 25 = 5*h - 5*t, -3*h - t + 6 = -5. Suppose -3*l + 44 = -5*l - 4*n, -h*l + 5*n - 127 = 0. Let a = 50 + l. What are the prime factors of a?
2, 11
Let g(u) = u**2 + 11*u - 32. List the prime factors of g(10).
2, 89
Let y(r) = 2*r**2 - 7*r - 8. Let a be y(6). Suppose 20 = 3*s - u, 2*u = -2*s + 7*u + a. Let t = 10 - s. List the prime factors of t.
2
Suppose 2*t + 350 = 9*t. What are the prime factors of t?
2, 5
Suppose -4*o - f = -3*o - 45, -5*f = 5. List the prime factors of o.
2, 23
Let r(s) = -10*s + 54. List the prime factors of r(4).
2, 7
Let v = 28 - -42. List the prime factors of v.
2, 5, 7
Let d = -13 + 9. Let a be d/(-3)*(-9)/(-6). Suppose a*o + 2*p - 32 = 0, -2*p + 28 + 26 = 4*o. What are the prime factors of o?
11
Suppose -2*s - 6*n + 4*n = -12, s = -4*n + 15. Let g(c) = -s*c + 7 + 4 - 3 + 2*c. What are the prime factors of g(-8)?
2
Suppose 20 = 2*v + 3*v. List the prime factors of v.
2
Suppose 0 = 10*z + 264 - 1264. List the prime factors of z.
2, 5
Let h(m) = -2*m**3 + 5*m**2 + 7*m - 7. List the prime factors of h(-5).
3, 37
Suppose 4*f - 6 = 10. Suppose 3*t = 2*c - f*c + 93, 5*c + 5*t - 220 = 0. List the prime factors of c.
3, 13
Suppose 2*g - 6 = 2. Suppose -3*f + 49 = -g*k, f + 0*k - 43 = -4*k. Let u = 38 - f. List the prime factors of u.
3, 5
Suppose 6*y - 4*y = -56. Let m = 39 + y. Let g = -5 + m. What are the prime factors of g?
2, 3
Let f = -5 - -6. What are the prime factors of (f - 0)*-1 + 14?
13
Let n be 26 + (1 - (0 - -3)). What are the prime factors of 149/4 - 6/n?
37
Let x = 4 - 4. Suppose 3*w - 2*c + 7*c - 17 = 0, 5*w + 5*c - 25 = x. Suppose -2*v = -w*v + 16. What are the prime factors of v?
2
Let k(a) = -2*a**3 - a. Let m = -3 + 1. What are the prime factors of k(m)?
2, 3
Let p be (-22)/2*(5 + -7). Suppose 0 = 2*g - 4*a - 4, -g - 5*a + p = g. List the prime factors of 100/6 + g/18.
17
Let t = 15 - 11. Suppose -2*g - t*y + 3*y = -17, 0 = -4*g - 5*y + 49. What are the prime factors of (4/g)/(6/45)?
5
Let t(b) = 7 + 2 + 2*b**2 - 10*b - 2*b**2 + 2*b**2. What are the prime factors of t(6)?
3, 7
Let d(l) = 0 + 4*l - 3 + 2*l**3 - l + 1. What are the prime factors of d(2)?
2, 5
Let j = 13 - 8. Let d = j - 2. What are the prime factors of d?
3
Suppose 5*f + 145 = 15. Let g(j) = j**2 + j + 8. Let b be g(-6). Let p = b + f. List the prime factors of p.
2, 3
Suppose -4*r + a = -0*r - 88, 3*r - 2*a - 71 = 0. Let i be (-1)/(-7) + (-108)/r. List the prime factors of (-8)/(-40) - 84/i.
17
Let i be (3 - -5)*-1*-13. Suppose 5*g = i - 9. What are the prime factors of g?
19
Let w(p) = 13*p - 1. Let x be w(1). Suppose -4*i - x - 24 = 0. What are the prime factors of (-11)/(-3) + (-3)/i?
2
Let d(h) = -h**3 - h**2 + 4*h + 1. List the prime factors of d(-3).
7
What are the prime factors of (50/8)/((-6)/(-24))?
5
Suppose 5*a = 0, 3*o - o + 5*a = -12. List the prime factors of (2 - (-82)/o)*-3.
5, 7
List the prime factors of (-1 - 4)*(-79)/5.
79
Let d = 3 - -12. Suppose 0*n + d = 3*n. List the prime factors of n.
5
Suppose 0 = -2*n - 3*j - 4, 3*n = 4*n - 5*j - 24. Suppose 2*b + 0*b = -n*h + 90, 0 = h + 3*b - 20. List the prime factors of h.
23
Suppose -6*u + 9*u = 0. Suppose 3*a + u*a = -t + 79, 0 = 4*t + 20. List the prime factors of a.
2, 7
Suppose -4*f - 3*l + 606 = 0, -f - 3*l = -0*l - 156. List the prime factors of f.
2, 3, 5
Let k(u) = -u**2 - u - 1. Let a(v) = -8*v**2 - 2*v - 7. Let n(h) = -a(h) + 6*k(h). Let c = 5 + -2. What are the prime factors of n(c)?
7
Let v(u) = 1. Suppose -4*j - 2 = -10. Let c(y) = -y - 8. Let n(w) = j*v(w) - c(w). What are the prime factors of n(0)?
2, 5
Let j(l) = 3*l**3 - 3*l**2 + 4*l - 3. Let x be j(2). Suppose -3*g - x + 59 = 0. List the prime factors of g.
2, 7
Let i = 14 + 12. List the prime factors of i.
2, 13
Let k be (-22*2)/((-12)/18). List the prime factors of (-12)/k + 732/33.
2, 11
Let g(p) = -2 - 6 + 3 + 4 + p**2. Let d = 2 - 4. What are the prime factors of g(d)?
3
Suppose -4*d + 15 = -5. Suppose -d*h + 69 = -1. What are the prime factors of h?
2, 7
Suppose -12 = -5*n - 4*y, 0*n + 2*n + 15 = 5*y. Let v = 3 - n. Suppose -g = 2*t, 5*t + 33 = v*g - 0*t. List the prime factors of g.
2, 3
What are the prime factors of 6/(5*4/90)?
3
Let k be 1/3 - 10/3. Let z(r) = -4*r + r**2 + 2 - 3*r + 8*r. List the prime factors of z(k).
2
Suppose -12 = -p - 6. List the prime factors of ((-5)/(-3) + 3)*p.
2, 7
Suppose 114 - 90 = 2*a. List the prime factors of a.
2, 3
Suppose 46 = 4*v + 14. List the prime factors of v.
2
Let x = 7 - 0. Suppose 2*f = x*f. Suppose f = -2*l + 8 + 14. What are the prime factors of l?
11
Let m be (-30)/(-135) + (-1346)/(-18). Suppose 0 = 5*x + 5*y - m, -3*x - 2*x + 75 = -y. List the prime factors of x.
3, 5
Suppose 0 = 4*x + 1 - 29. Let t = x + -9. Let r(o) = 4*o**2 + 2*o + 1. What are the prime factors of r(t)?
13
Let p(d) = 96*d + 1. What are the prime factors of p(1)?
97
Let h(i) be the first derivative of i**2 + 12*i - 5. List the prime factors of h(6).
2, 3
Suppose 2*k - 32 = 148. Suppose 0 = -2*o - 2*b + 2 - 16, -o + 4*b + 13 = 0. List the prime factors of ((-1)/o)/(3/k).
2, 5
Suppose b = 5*b. Let w = 2 - b. List the prime factors of w.
2
Let c = 8 - 5. Suppose 0*z - 5*z - c*t = -23, 4*z - t = 15. List the prime factors of z.
2
Let l(d) = -5*d - 2. What are the prime factors of l(-3)?
13
Let b = 9 - 6. Suppose -4*c + 16 = 0, -b*v + c + c + 10 = 0. Let m = 11 - v. What are the prime factors of m?
5
Let q be 0/(-7)*(-1)/1. Let s be (q - 0 - -3) + -1. Suppose -5 + 23 = s*x. What are the prime f